t(2). Suppose i*a = -0*a + 62. What are the prime factors of a?
31
List the prime factors of (-331)/(-6) + 3/(-18).
5, 11
Let l = -61 - -64. What are the prime factors of 20/(-30) - ((-197)/l - 1)?
2, 3, 11
Let b(g) = -g - 8. Let n be b(-12). Suppose -3*k = -4*k - 2, -n*m - 110 = 3*k. Let q = -14 - m. What are the prime factors of q?
2, 3
Suppose 49*b - 450 = 43*b. What are the prime factors of b?
3, 5
Suppose -35 = -2*z + 15. Suppose -k = 2*u - 22, -k - 3*k = u - z. What are the prime factors of u?
3
What are the prime factors of ((-110)/(-3) - 5)/(1/6)?
2, 5, 19
Let v = 37 + -37. Let a be 115/20*(-8 + v). Let p = 10 - a. What are the prime factors of p?
2, 7
Suppose 4*q + 241 + 167 = 4*x, 507 = -5*q + 2*x. Let h = -81 - q. What are the prime factors of h?
2, 5
Suppose 6*i = -49 + 13. What are the prime factors of 102/(-36)*-14 + (-2)/i?
2, 5
Let i = -668 - -1450. List the prime factors of i.
2, 17, 23
Let z = -16 - -112. Suppose 2*n - 114 = z. List the prime factors of n.
3, 5, 7
Suppose 0 = -k + 5*k, 5*s = 4*k + 20. Suppose 2*o - 20 = 4*v, -s*o - 40 = 5*v + o. What are the prime factors of v/8 + 22/8?
2
Let v(h) = -h**3 - 4*h**2 + 5*h - 1. Let c be v(-5). Let o be (2 + c)/(1/20). Suppose -3*k - k + o = 0. What are the prime factors of k?
5
Let x(v) be the second derivative of -v**5/20 - v**4/3 + 11*v**3/6 + 8*v**2 - 19*v. What are the prime factors of x(-6)?
2, 11
Let g be 7/((-2 + 5)/3). Let b = 32 - g. What are the prime factors of b?
5
What are the prime factors of (-12)/8 + 1 - 12935/(-10)?
3, 431
Suppose -a - 4*b + 51 = 7, 0 = -a + 3*b + 79. Suppose -l = -2*p - a, 4*l - p = -0*p + 221. List the prime factors of l.
2, 3
Let p(s) = 3 - 2*s + 3*s - 8*s + 4*s. Let g be p(-3). Suppose v - 4*v = -g. List the prime factors of v.
2
Let w = -4 + 8. Suppose 0*g + 84 = w*g. Let j = 29 - g. List the prime factors of j.
2
Let k(f) = f**3 + 11*f**2 + 7*f + 6. Let g be k(-11). Let l = g + -944. List the prime factors of 2/7 - l/49.
3, 7
Let j(l) = 74*l + 256. What are the prime factors of j(25)?
2, 3, 13
Let z(j) = -6*j**3 - 10*j**2 - 5*j - 27. What are the prime factors of z(-6)?
3, 313
Suppose -5*w - 2*v + 6*v = 61, 3*w - 5*v + 47 = 0. Let u(m) = -m**2 - 30*m - 1. What are the prime factors of u(w)?
2, 47
Suppose 3*o - 9*x = -12*x + 1293, 5*x - 1291 = -3*o. List the prime factors of o.
2, 3
Let y be (6 - 12)/((-6)/88). Suppose y + 112 = 5*c. What are the prime factors of c?
2, 5
What are the prime factors of -5 + -3*(-796)/3?
7, 113
Let x(k) = -18*k**2 - 3*k + 16. Let d be x(3). Let m = d - -165. List the prime factors of m.
2, 5
Suppose 4*y = -0*y + 24. Suppose -y*i + 66 = -3*i. What are the prime factors of i?
2, 11
What are the prime factors of 1/((-24)/15184)*-3?
2, 13, 73
Let n = -15 - 2. Let j = n + 64. Suppose -9*i + j = -8*i. List the prime factors of i.
47
Let q be (-2)/(-13) + 148/52. Suppose 0 = 6*t + q*t - 234. What are the prime factors of t?
2, 13
Let n(r) = 40*r + 3. Let a(s) = 161*s + 12. Let k(x) = 2*a(x) - 9*n(x). What are the prime factors of k(-4)?
149
Let k(m) = 0*m**2 - 42*m + 30 + m**2 + 2*m**2 - 7*m. List the prime factors of k(19).
2, 7, 13
List the prime factors of (170172/(-174))/(1 + -2).
2, 3, 163
Let x(k) = -75*k + 95. List the prime factors of x(-11).
2, 5, 23
Let r(b) = b - 14. Let y be r(17). Suppose 0 = 2*m - y*c - 541, 3*c - 1384 = m - 6*m. What are the prime factors of m?
5, 11
Suppose -2*a + 13*a - 10824 = 0. What are the prime factors of a?
2, 3, 41
Let j = -2957 + 5038. What are the prime factors of j?
2081
Let r(w) = w**3 - 6*w**2 + 6*w + 1. Let v be r(5). Let g(q) = -2*q + v*q - 5 + 4*q. List the prime factors of g(5).
5, 7
Suppose 5*m - 5*a = 3050, 2*m + 641 - 1858 = -a. List the prime factors of m.
3, 7, 29
Suppose 4*c = -c + 10. Suppose 0 = -c*b - 2*x + 138, 2*b - 3*b + 5*x + 45 = 0. What are the prime factors of b?
5, 13
Suppose -2*t + 727 = b, -5*t + 6*b = 7*b - 1810. What are the prime factors of t?
19
Suppose -3*x + 99 = i, 14*i = 12*i - 5*x + 202. What are the prime factors of (-4)/(-6) + i*7/9?
3, 29
Let t(k) = 3*k**2 - 4*k - 30. List the prime factors of t(-28).
2, 1217
Let b = 573 + 411. List the prime factors of b.
2, 3, 41
What are the prime factors of (5 - 110/20)/(1/(-9518))?
4759
Suppose 4*s = 3*s - 3*l + 2635, 2*l = s - 2630. List the prime factors of s.
2, 7, 47
Suppose -4*k = 3*k - 42. Suppose -39 = -k*q + 15. Suppose -5*a + q = 2*s, -a + 4*a + s = 6. What are the prime factors of a?
3
Suppose 5*z - 14 = -5*f + 1, -3*z + 17 = 5*f. List the prime factors of (2/3)/(f/318).
53
List the prime factors of 3*4740/6 - -8.
2, 29, 41
Let z(j) = j**3 - 15*j**2 - 5*j - 6. Let x be z(15). Let g = 70 - x. List the prime factors of g.
151
Let u(n) = n**3 + 7*n**2 - 7*n + 10. Suppose 28 = -3*k + 4*o, -o - 6 = k + o. Let f be u(k). Let r(g) = 4*g**2 + g + 2. What are the prime factors of r(f)?
2, 5
Let d(c) = -c**2 - 3*c - 1. Let q be d(-2). Suppose -56*r + 120 = -44*r. List the prime factors of q*r + (10 - 7).
13
Suppose 4*u = -d + 45 + 31, d + 4 = 0. Let p = -18 + u. Suppose 3*o = 8 - p. List the prime factors of o.
2
Let q(d) = d**3 + 2*d**2 - 2*d + 262. Let y be q(0). List the prime factors of (y/(-10))/(3/(1 + -16)).
131
Let b(z) = 103*z**2 + 5. Let k be b(2). Suppose 3*y = r + k, -2*r + 177 = 2*y - 109. List the prime factors of y.
2, 5, 7
Suppose 4*b + 0*f + 2*f - 1854 = 0, -3*b + 2*f = -1380. What are the prime factors of b?
2, 3, 7, 11
Let r = 841 - 480. List the prime factors of r.
19
Let b = -83 + 86. Suppose 3*x + 5*r = -65 + 288, 3*x + b*r = 231. What are the prime factors of x?
3
Let z(l) = l - 8. Let t be z(8). Suppose 3*h - 3*y - 21 = t, y - 28 = -4*h - 3*y. Suppose -o - h = -36. What are the prime factors of o?
29
Let i = 11 - 87. What are the prime factors of i/6*-3 + -2?
2, 3
Let y(c) = c**2 + 15*c + 21. Let v be y(-13). What are the prime factors of (-1 - -34)*(v + 9)?
2, 3, 11
Suppose 5*r + 0 = 2*u + 1, 3*u = -3*r + 9. Let l(s) = 3*s - 2*s + 9 + s**u + 2*s - 11*s. List the prime factors of l(8).
3
Suppose 4 = -2*y - 5*g, -2*y + g - 4*g = 0. Let h = -21 + y. Let m = h + 30. What are the prime factors of m?
2, 3
Suppose -113308 = -35*b - 17*b. List the prime factors of b.
2179
Let a(b) = b**2 + 3. Let q(r) = r**2 + 8*r - 9. Let s be q(-9). Suppose s = -z + 3*z + 4. List the prime factors of a(z).
7
Let a be ((-275)/(-44))/(2/(-8)). Let k = -7 - a. List the prime factors of (k/4)/(5/40).
2, 3
Let m(s) = s**3 + 5*s**2 + 4*s + 14. Let w be m(-5). What are the prime factors of ((-492)/(-16))/(w/(-16))?
2, 41
Let l(d) = 4*d - 81. Let m be l(22). Let v be 4/(-18) + (-524)/(-9). Suppose -2*x = -2*s - m*x + v, -5*x + 92 = 3*s. What are the prime factors of s?
2, 17
Suppose 2*g + 2*p - 10296 = 0, -5*p - 39541 + 13811 = -5*g. What are the prime factors of g?
5147
Let q(b) = 3*b**3 + 2*b**2 - 3*b + 1. Let n be q(1). Suppose -2*a = -n*y - 440, -2*a = -2*y - 65 - 373. List the prime factors of a.
7, 31
Let t(i) = -i**3 + 14*i**2 - 16*i - 17. Let k be t(13). Let n = -32 - k. Suppose n = 2*f - 16. What are the prime factors of f?
2, 5
Let z(j) = -14*j + 8. Let m be z(-9). Let c = m - 96. Suppose -2*k + k + c = 0. List the prime factors of k.
2, 19
Let w be (1 - 3)*1*(-6)/12. Suppose 0 = 3*p - w - 38. What are the prime factors of p?
13
Let t be 5 + (6/3)/(-2). Suppose -196 = -3*l - l + 5*i, t*l + 4*i = 232. List the prime factors of l.
2, 3
Suppose 5*p = -0*p + 10. Suppose 2*s = 2*a + 94, 3*a - 49 - 20 = -p*s. List the prime factors of s.
2, 3, 7
Suppose -208 = 7*n - 3498. List the prime factors of (n/(-4) - 2)/(6/(-12)).
239
Let s = 83 + -77. Suppose -21 = -s*v + 27. List the prime factors of v.
2
Let j be (-16)/(-3) - (-2)/(-6). Suppose 0 = -4*a + 3*a - b + 35, j*b - 97 = -3*a. List the prime factors of a.
3, 13
Let t(w) = 5*w**3 + 4*w**2 - w - 12. What are the prime factors of t(4)?
2, 23
Suppose 0 = 17*v - 20*v + 3*a + 9, 5*v = -2*a + 50. Let m(c) be the second derivative of c**4/12 - c**3/2 - 9*c**2 + 2*c. List the prime factors of m(v).
2, 11
Let w(t) = -t**3 + 26*t**2 + 129*t + 64. List the prime factors of w(26).
2, 1709
Let w be 1*((1 - 3) + 1). Let a be w*((-27)/(-3))/1. Let f = 49 + a. List the prime factors of f.
2, 5
Suppose -601*u = -589*u - 8844. What are the prime factors of u?
11,